5)
45
0 - -28 - (-4 - (10 - (-7 - -10)))
39
Calculate (10 - 62) + 37 - (-111 - 1) - 7.
90
Calculate 1 + 12 + (-17 - (10 + -17)) - (5 + 0).
-2
Calculate -5 - (38 - 131 - (6 - (-1 + -10))).
105
Evaluate 9 - (84 + -91 + -12).
28
What is the value of 40 + 163 + -127 - ((-3 - 2) + 2)?
79
What is -53 + (55 - (103 - 21))?
-80
Calculate 4 + (0 - 16) - (-272 + 201).
59
Evaluate -55 + 112 + -52 + -72.
-67
What is the value of 80 + (53 - 110) - 43?
-20
Calculate 83 - 92 - (-84 + (-13 - -9) + -12).
91
What is the value of -69 - (19 - (19 - -48))?
-21
Calculate -6 + (30 - 11) + 16 - (-2 - 9).
40
Calculate 15 + (10 - (1 + -6 + (-11 - (3 - 17)))).
27
What is the value of -19 - (-19 - (-1 - (4 - (-9 + 0))))?
-14
Evaluate -43 - (21 + -25 - (-1 + 0 + 3)).
-37
(379 - 273) + (6 - 6 - -6 - 10 - 3)
99
What is the value of -2 - 94 - (5278 + -5291)?
-83
What is the value of (23 - (-10 + (-56 - -21))) + -25?
43
What is 2 - (3 - 5 - (-16 - -4)) - (-128 - -164)?
-44
Calculate -1 + -7 + (-14 - (-12 - 0)) + 8 + -60.
-62
Evaluate -103 + 84 + (2 - 0 - -118) + -10.
91
What is the value of 94 - 99 - (3 - 11) - -40?
43
Calculate (105 - (28 - 0)) + -87.
-10
What is the value of 22 + (-21 - (17 + -20))?
4
10 + -8 + 1 + (8 - 0) + -8 + 7
10
What is -54 - -14 - -39 - -47?
46
Evaluate (6 - (8 - -28)) + -8 + -4 + 17.
-25
Calculate -16 + 16 + 12 + 36 + -1.
47
Evaluate (-14 - -56) + -17 + 4 + 2 + -1.
30
27 + -2 - (7 - (12 + 14 + -7))
37
(0 - (5 - -14)) + (-21 - -42)
2
Evaluate -3221 - -3241 - (1 - 1 - -8).
12
Evaluate 88 + -132 - (-3 - (-17 + 4)).
-54
What is the value of 17 + 33 + -9 - -15?
56
What is the value of (1 - (2 - 19)) + (-25 - -4)?
-3
What is -40 - (3 - (-27 - -57) - -36)?
-49
What is 44 + -22 + 13 + 19 - 5?
49
Calculate -5 + 0 - (31 + (-24 - 2)) - 25.
-35
Evaluate -85 + 4 + 101 - -38.
58
Evaluate 41 + 141 + 76 + -135.
123
What is the value of (97 - 98) + -4 + 18 + (-1 - 0)?
12
Evaluate -14 + (6 + -1 - (7 + 27 + -16 - 17)).
-10
What is the value of 7 - 19 - (-83 - (20 + -24 - -3))?
70
62 + -8 - (-755 + 761)
48
Evaluate -81 + 1 + (239 - 130 - 119) - (-10 + 1).
-81
What is the value of (-12 + 20 + -22 - 34) + 25?
-23
Calculate 5 - (10 - 45) - (16 - (13 - (14 - 15))).
38
What is the value of (2683 - 2598) + 1 + 3 + -8 + 0?
81
Calculate -35 + (115 - (-21 + 84)).
17
-88 - ((-6 - -3 - -15) + -36 + (-21 - -48))
-91
What is 50 - -8 - (-7 - -4) - (7 - (0 + 6))?
60
What is 43 + 28 + -8 + (80 - 44)?
99
-52 + (7 + -42 - -82)
-5
What is the value of (-63 - (-9 - -6)) + (9 + -14 - 4 - -2)?
-67
What is (42 - 28) + -3 + -2 + -11?
-2
What is -11 - (-25 - -25) - (4 + 0 - -14)?
-29
What is -11 + -2 - (84 - (-80 + 258))?
81
Evaluate -41 + 50 - (2 + 4 + -10) - (11 - 75).
77
What is -2 + (-15 - (3 + -15)) - (50 - -24)?
-79
(1 - (9 - 3)) + -107 + 136
24
What is 5 - (-3 - -1 - (3 - -12 - 55))?
-33
What is the value of -10 - -14 - (44 + -50) - -105?
115
What is the value of -4 - (-5 + 0 - (-4 - (-29 + 20))) - -114?
120
Evaluate (-45 - (-204 + -5)) + -49 - (1 + 12).
102
What is 8 + 5 + 0 + (-205 - -191) + 60?
59
Evaluate -37 - 8 - (-3 - -3) - -19.
-26
What is the value of (0 - (42 - 1)) + -58 + -33 + (59 - -26)?
-47
What is -27 + (2 + -4 - -68 - -22)?
61
What is (-2 + -7 + (5 - (-12 - -6)) - 1) + -76?
-75
What is (-4 + -34 - ((9 - -7) + -4)) + (3 - -1)?
-46
-7 + (3 - 84 - (-7 + 3) - (-35 - -28))
-77
What is the value of (-93 - (-48 + -62)) + 57?
74
25 - (17 + (-5 - (-11 - -11) - 1) + 2)
12
Calculate -43 - (-98 + 81 + 2 + 19).
-47
(3 - (10 + -3) - -12) + (-22 - -61) + -86
-39
What is the value of 2 + -5 + -31 + 132 - 19?
79
-9782 - -9859 - ((1 - -25) + 0)
51
What is the value of (-2 - 1) + (226 - 258) - (5 - (10 + 4))?
-26
Evaluate (-142 - -160) + -1 + -5 + 3.
15
Calculate -102 + (258 - 76) + -112.
-32
What is the value of (3 - 0) + 70 + (71 - (-87 + 165))?
66
80 + -8 + -83 + -16
-27
Evaluate 67 + -251 + 199 - (-16 + 1 + -1).
31
108 + (50 + -163 - -29)
24
Evaluate -19 + (68 - -17 - (-28 - -9)).
85
What is 19 - (-5 - -4) - (-62 - -50)?
32
Evaluate -117 + 141 + -35 + 20.
9
(43 - 52 - (-14 - (4 - 9))) + 2 + 11
13
(2 - (15 + -22)) + -29 + -24
-44
Calculate 1389 + -1402 + (-7 - (1 + 5 + -3)).
-23
-86 - (-7 + -90 + 26)
-15
Evaluate (8 + 6 + -5 - (0 + 1)) + (-204 - -62).
-134
What is the value of -6 + -1 + (-57 - -41) + -47?
-70
What is 98 - (64 + -42) - 112?
-36
(-88 - -1) + ((-10 - (-23 + 5)) + 2 - 0)
-77
Evaluate (0 + -20 - (54 - 58)) + (-59 - -106).
31
What is the value of 0 + -1 + 8 + -145 + 140 - 28?
-26
Calculate -32 - ((-20 - -45 - 16) + -9).
-32
Calculate (-10 - (-2 - -1 - 1)) + 114 + -57 + 21.
70
-1 + -3 + 7 - (-135 + (113 - 58))
83
What is 71 + -84 + -33 + -65?
-111
Calculate 23 + (-40 - 38 - -45).
-10
What is the value of -383 - -400 - (-14 - 3)?
34
What is the value of 34 - (-37 + 20) - 43?
8
What is the value of -4 + 6 + 10 - (-28 + 19 + 21)?
0
26 - 4 - (23 + -23 - ((0 - -2) + -12))
12
What is 10 + -2 + 13 + (9 - 6) + 6?
30
Calculate (-84 - -40) + (4 - (5 + 1)).
-46
Calculate 51 + -184 + 125 + -1.
-9
What is 18 + 8 + -3 + -3 - (181 + -248)?
87
What is the value of (-3 - -28) + -7 + 35 + -57 - 1?
-5
Calculate -16 - (22 - (4 + 5)) - 8.
-37
Calculate (640 - 653) + (-2 - -7) + (23 + 2 - 7).
10
4 + (0 + -11 - (17 - 24 - 64))
64
Evaluate 130 + -183 - (-24 + -4).
-25
Evaluate 176 + -175 - (10 + (1 - (1 + 5))).
-4
Calculate -18 + 161 + -74 + -16.
53
-54 + (31 - 27 - -22)
-28
What is the value of 59 + (62 + -74 - (-2 - 3)) + -4?
48
(-85 - -37) + -72 + 124
4
Evaluate -9 - (112 - -23 - (22 - 1)).
-123
What is the value of -85 + 42 + (-3 - (1 + -10) - 1 - 3)?
-41
Calculate 2 - (-199 - (-188 + 63)).
76
(30 + 0 - -4) + 1278 + -1281
31
Calculate -65 + 60 + -2 + -2 + (30 - 14).
7
Evaluate (-38 - 3) + (-51 - -84) + (1 - 41).
-48
What is 15 + -1 + -34 - (-12 + (-6 - -8))?
-10
-24 + 148 + -47 + -56
21
Calculate 13 + (30 - 37) + (3 - (-2 - (5 + 7))).
23
What is the value of (76 - (36 + -7)) + -75?
-28
What is (-123 - 2) + (19 - 12) + 58 + -57?
-117
What is the value of 9 + -45 + -36 + 25?
-47
Evaluate -9 + (-9 + 4 - (-131 + 107)) - (-1 + 1).
10
Evaluate (85 - 18) + -46 - 1 - (141 - -1).
-122
What is -56 + 60 + (0 + 2 + -3 - (-31 - -63))?
-29
What is the value of 9 + (-23 - 46) - -26?
-34
What is the value of 40 + (30 - 70) + 15 + (-8 - -5 - 1)?
11
What is -3 + 8 + -32 - 5 - (6 + -49 + 28)?
-17
What is 54 + (-571 + 607 - (-1 - -32))?
59
What is 9 + -10 + 9 + (43 - (3 + 4))?
44
What is the value of 14 + -69 + 39 + 20?
4
What is the value of (-2 + -4 - (114 + -34)) + -6 + 10 + -15?
-97
Calculate -1 - 11 - -16 - (135 + -2 - (-71 - -75)).
-125
What is the value of (-3 - -37 - -16) + -14?
36
What is the value of 7 + (37 - 102) - -173?
115
Evaluate -1 + (-2 - -4) - (29 + -36 - 84).
92
What is the value of 20 + (3 - (93 + -18)) + 17?
-35
What is the value of 5 + 2 + 11 + -79 + 54?
-7
Calculate (106 + -48 - 37) + -42.
-21
Calculate -4 + (-39 + 5 - -32 - (-27 - (1 + 2))).
24
Evaluate 5 - (-62 - -6) - (-17 + 42 + -8).
44
Calculate 194 - 180 - (6 + 7 + -4).
5
Calculate -94 - (-43 - -49 - 153).
53
What is -17 + -4 + (7 - -7) + 25?
18
What is (-10 - (15 + -17) - -6) + -36?
-38
Evaluate 8300 + -8325 - (104 + 3).
-132
What is 0 - ((33 - -10) + (-3 - 5 - -6 - -5))?
-46
Calculate -9 - (-11 - 4 - -13).
-7
What is the value of 0 - 1 - -2 - (-29 + 180 - 75)?
-75
What is -17 + 2 + -45 + 31 - 0?
-29
(-154 - -18) + 170 - (-2 - 18)
54
Evaluate -8 - (-10 + -4) - (27 + -3).
-18
What is -1537 + 1540 + ((3 - 3) + 0 + 0 - 61)?
-58
Evaluate 11 - (-26 - (-17 + -87 + 5)).
-62
-55 - -42 - (0 - 52)
39
(-15 - 3) + -1 + 198 + -101 + 1
79
What is the value of 364 + -350 + -22 + 2 + 2?
-4
Evaluate (54 + -70 - -38) + 23.
45
Calculate (-383 - -367) + 0 + 4 + -5 + 8.
-9
What is the value of (-8 - (-6 - -15)) + (-17 - -21) + 2 + -1?
-12
What is the value of (-8 - (10 + -1) - -9) + -7 + -2?
-17
Calculate 57 + 15 + (28 - 35) + -23.
42
What is the value of (-12 - (-1 - (28 - 18))) + 7?
6
What is the value of (3 + 0 + -6 - -109) + -28?
78
(-5 - -13) + -46 - -53
15
Calculate 8 + -17 - -20 - 28 - (-74 - 1).
58
What is 4 + (-20 + 1 - (-630 - -609))?
6
38 - (-2 + -9 + (168 - 161))
42
Calculate 74 + (10 - (99 - 35)).
20
What is the value of 1 - (-3 - 0) - (767 - 715)?
-48
What is (-8 - -19 - 4 - (18 - 3)) + (-13 - -19)?
-2
(-7 - (1 - (-1 + 15))) + 18 + 0 + -1